0
Let x(y) = -y**3 - 855*y**2 - 31820*y + 78. Determine x(-39).
-78
Let m(j) = -193*j**2 - 81*j + 273. Calculate m(5).
-4957
Let g(n) = -48*n**2 + 339*n - 249. What is g(6)?
57
Let v(f) = 2*f**2 - 205*f + 3400. Determine v(23).
-257
Let z(v) = -v**3 + 25*v**2 + 101*v - 260. Give z(28).
216
Let k(r) = -136*r**2 + 9177*r + 4827. What is k(68)?
-1
Let p(s) = -1912*s - 2239. Give p(-2).
1585
Let o(r) = 3*r**3 + 79*r**2 - 163*r - 513. Calculate o(-28).
131
Let v(m) = -3*m**2 + 624*m + 209530. What is v(388)?
10
Let b(c) = 4*c**2 - 219*c - 70278. Determine b(-108).
30
Let v(l) = 141*l - 1988. Give v(22).
1114
Let z(f) = -444*f - 7296. What is z(-11)?
-2412
Let n(h) = -548*h - 134330. What is n(-245)?
-70
Let f(c) = 2020862*c + 22229477. What is f(-11)?
-5
Let t(j) = 2*j**2 + 230*j + 148. Calculate t(-108).
-1364
Let l(q) = -q**2 - 214*q - 3753. Determine l(-22).
471
Let y(c) = -18*c**3 - 6066*c**2 + c + 329. Calculate y(-337).
-8
Let h(c) = c**3 - 27*c**2 - 210*c + 818. Calculate h(26).
-5318
Let o(w) = -w**2 + 360*w - 32310. Determine o(172).
26
Let f(c) = -c**2 - 624*c - 6829. Determine f(-11).
-86
Let f(o) = 4*o**3 + 40*o**2 + 247*o + 3219. Give f(-11).
18
Let x(i) = 670133*i + 3350660. Give x(-5).
-5
Let v(a) = 3*a**3 - 11*a**2 + 42*a - 304. Give v(6).
200
Let b(w) = 3*w**3 - 28*w**2 - 75*w + 574. Calculate b(10).
24
Let g(k) = -2534*k + 392758. What is g(155)?
-12
Let d(z) = -z**3 - 59*z**2 + 190*z + 288. Give d(-62).
40
Let z(w) = 9*w**3 + 9*w**2 - 62*w - 134. Calculate z(-2).
-46
Let v(m) = -2367*m**3 + 75746*m**2 - 69*m + 128. What is v(32)?
-32
Let y(g) = -g**3 + 53*g**2 - 1350*g + 76344. What is y(54)?
528
Let d(r) = r**2 - 95*r - 2926. Calculate d(-32).
1138
Let u(k) = -222827*k + 4233712. Calculate u(19).
-1
Let d(v) = -535112*v + 4815990. Give d(9).
-18
Let d(s) = 601208*s - 13827786. What is d(23)?
-2
Let y(g) = 2*g**3 + 145*g**2 + 260*g - 6307. What is y(-70)?
-7
Let g(b) = -554*b - 359537. Give g(-649).
9
Let o(m) = -13913*m**2 + 125111*m + 953. Calculate o(9).
-1
Let n(a) = 560603*a - 10651459. What is n(19)?
-2
Let y(o) = 3*o**2 + 187*o + 2840. What is y(-26)?
6
Let z(c) = -2*c**2 - 6442*c + 3856580. What is z(516)?
-4
Let d(t) = t**3 + 7*t**2 + 146217*t + 1316123. Give d(-9).
8
Let p(k) = 3*k**3 - 19*k**2 - 5223*k + 36434. Give p(7).
-29
Let z(y) = y**3 - 212*y**2 - 684*y + 8371. Give z(215).
-14
Let k(l) = -2532*l - 42942. Determine k(-17).
102
Let y(k) = -2*k**3 - 251*k**2 - 2096*k - 12530. What is y(-117)?
-11
Let h(k) = -k**2 - 1317*k + 7883. Determine h(6).
-55
Let n(w) = 3*w**2 - 72*w - 346. What is n(38)?
1250
Let z(l) = -1065*l + 92660. Give z(87).
5
Let n(c) = 398*c + 17649. What is n(-44)?
137
Let g(a) = -6818*a - 27272. Determine g(-4).
0
Let s(r) = -r**3 + 1173*r**2 - 8204*r + 218. Give s(7).
-76
Let a(g) = -9880422*g + 49402115. Give a(5).
5
Let v(h) = h**2 - 170*h + 2560. What is v(17)?
-41
Let c(r) = 28*r**2 + 48*r - 25. Determine c(-4).
231
Let x(c) = -c**2 - 1189*c + 8263. What is x(7)?
-109
Let v(f) = -f**3 - 12*f**2 + 224*f - 33. What is v(-22)?
-121
Let i(b) = -56*b**2 - 9108*b - 5167. Give i(-162).
665
Let g(z) = -z**3 + 106*z**2 - 2707*z - 146. Determine g(63).
-20
Let v(t) = -5429*t + 3. What is v(0)?
3
Let n(a) = -a**3 + 135*a**2 - 1365*a + 26. Give n(11).
15
Let q(v) = v**3 + 20*v**2 - 4*v - 379. What is q(-16)?
709
Let v(c) = -12*c**2 - 887*c + 6661. Calculate v(7).
-136
Let l(r) = -4*r**2 + 3805*r + 38127. Calculate l(-10).
-323
Let f(w) = 9796*w + 19353. Give f(-2).
-239
Let h(j) = 1750*j + 21528. What is h(-13)?
-1222
Let a(d) = 12*d**2 + 6044*d + 18070. What is a(-3)?
46
Let m(z) = -6992*z + 71271. Give m(10).
1351
Let a(b) = -4*b**2 + 525*b - 17000. Calculate a(69).
181
Let k(z) = 12*z**3 + 2422*z - 14468. Determine k(6).
2656
Let h(f) = -17*f**3 - 595*f**2 + 2*f - 506. Give h(-35).
-576
Let v(o) = -162*o + 100. What is v(-7)?
1234
Let b(k) = 961*k - 480506. What is b(500)?
-6
Let f(y) = y**3 - 151*y**2 + 12069*y - 1787844. What is f(150)?
6
Let m(s) = 2*s**3 - 8*s**2 + 354*s - 4155. Calculate m(11).
1433
Let c(b) = -b**3 - 19*b**2 + 461*b + 1435. Give c(-32).
-5
Let i(v) = 2*v**2 - 945*v - 1320643. Give i(-610).
7
Let x(z) = z**2 - 22776*z - 113880. Give x(-5).
25
Let w(t) = -t**3 + 26*t**2 + 783*t - 20334. Determine w(28).
22
Let a(y) = -42246*y - 84484. Determine a(-2).
8
Let r(i) = -i**2 - 29199*i + 5022267. Give r(171).
-3
Let i(b) = -b**3 - 4*b**2 - 4079*b - 16308. What is i(-4)?
8
Let w(l) = -15*l**2 + 6781*l + 68821. Give w(462).
-17
Let y(i) = -332*i**2 - 3695*i - 467. Give y(-11).
6
Let d(s) = s**3 + 8*s**2 - 645*s + 842. What is d(21)?
86
Let y(s) = s**3 + 2*s**2 + 1013*s - 5220. Calculate y(5).
20
Let r(w) = -w**3 - 11*w**2 + 52*w + 57. Give r(-18).
1389
Let q(k) = 2046*k**2 + 10247*k + 14. Determine q(-5).
-71
Let v(m) = -73247*m + 219483. Give v(3).
-258
Let a(u) = -6*u**3 + 1065*u**2 + 515*u + 3339. Determine a(178).
-43
Let s(y) = -2*y**2 - 4319*y - 1568493. Give s(-462).
-3
Let u(b) = -14882*b - 117065. What is u(-8)?
1991
Let s(c) = -c**3 - 568*c**2 - 22961*c + 49767. Give s(-524).
-13
Let r(x) = -84489*x - 591451. Give r(-7).
-28
Let z(c) = -303*c + 16603. What is z(65)?
-3092
Let b(s) = -10*s**3 + 2049*s**2 + 34*s + 35061. What is b(205)?
6
Let r(k) = -k**3 + 538*k**2 + 16450*k + 207. Determine r(-29).
4
Let g(s) = -774*s - 27120. Calculate g(-35).
-30
Let i(x) = -56098*x + 224397. Calculate i(4).
5
Let b(q) = -5205*q + 42810. Determine b(8).
1170
Let b(g) = 520*g**2 - 255*g + 67. Give b(-3).
5512
Let l(w) = w**3 - w**2 - 4873*w + 29055. What is l(6)?
-3
Let q(x) = -193*x**2 - 1308*x. What is q(-7)?
-301
Let l(f) = 331*f**2 + 707*f - 704. Give l(1).
334
Let b(u) = 6*u**2 - 2576*u + 250104. Give b(281).
14
Let f(h) = -402*h + 36217. What is f(90)?
37
Let z(h) = h**2 + 2947*h - 77284. Determine z(26).
14
Let n(h) = h**3 + 220*h**2 + 869*h + 1379. Calculate n(-216).
299
Let t(g) = -461*g + 28186. Determine t(61).
65
Let l(w) = w**2 + 3141*w + 499575. What is l(-168)?
111
Let a(b) = 102004*b + 816037. Give a(-8).
5
Let z(o) = 220273*o + 220360. Calculate z(-1).
87
Let n(j) = 2*j**3 + 521*j**2 + 33864*j - 1375. What is n(-125)?
0
Let h(w) = 1496745*w - 22451175. Give h(15).
0
Let b(f) = 481242*f - 2406162. Calculate b(5).
48
Let q(v) = -239*v + 11199. Determine q(47).
-34
Let m(u) = -242*u + 40379. Calculate m(167).
-35
Let r(a) = -a**3 + 72*a**2 - 457*a + 8172. Determine r(67).
-2
Let t(v) = v**3 + 2*v**2 - 513*v - 279. What is t(-23)?
411
Let d(t) = -4100*t + 102481. Give d(25).
-19
Let q(d) = 38*d**2 + 88*d + 32. Give q(-2).
8
Let m(s) = -1641*s - 16409. What is m(-10)?
1
Let g(o) = 2*o**3 + 91*o**2 - 50*o - 245. Determine g(-46).
-61
Let g(o) = -16229*o - 97262. Give g(-6).
112
Let b(a) = 1478*a - 51739. Determine b(35).
-9
Let w(s) = -37895*s + 379053. Give w(10).
103
Let j(t) = -t**3 - 20*t**2 - 514*t - 10282. What is j(-20)?
-2
Let n(q) = 15*q**2 - 1462*q - 6127. What is n(-4)?
-39
Let i(k) = 747*k + 19438. Calculate i(-26).
16
Let p(s) = 11*s**2 - 15623*s + 5. Give p(0).
5
Let y(o) = -26943*o + 188595. Give y(7).
-6
Let f(l) = 12*l**2 - 3421*l + 351. Give f(285).
66
Let u(y) = -y**2 - 71*y - 157. Give u(-41).
1073
Let f(h) = -514*h + 5946. What is f(11)?
292
Let i(y) = -6*y**2 - 3771*y + 87865. What is i(-651)?
-20
Let m(l) = 3728*l - 45010. Give m(12).
-274
Let x(c) = 76*c**2 + 538*c. Give x(-2).
-772
Let o(v) = -v**3 + 311*v**2 - 9891*v - 2479. Give o(275).
-4
Let x(w) = -w**3 + 2*w**2 - 23*w - 17. Calculate x(-3).
97
Let p(f) = -4082*f + 314300. Give p(77).
-14
Let m(h) = 6*h**3 + 33*h**2 - 217*h - 973. Calculate m(-5).
187
Let x(g) = -g**3 - 128*g**2 + 310*g + 4594. Give x(-130).
-1906
Let l(y) = -146*y**3 + 3*y**2 + 117*y + 115. Give l(-1).
147
Let k(b) = 927*b - 200667. What is k(217)?
492
Let d(k) = -k**3 + 64*k**2 - 141*k + 1042. Determine d(62).
-12
Let c(m) = -5*m**2 + 7791*m - 655178. Give c(1469).
-4
Let f(s) = -s**3 + 312*s**2 - 647*s - 86566. Determine f(309).
-46
Let u(c) = c**3 - 29*c**2 - 61*c - 146. What is u(12)?
-3326
Let q(v) = -7157*v - 36790. Give q(-5).
-1005
Let d(i) = -i**3 + 100*i**2 - 2044*i - 168. Give d(32).
4056
Let q(u) = -8*u**2 - 81*u + 840. Determine q(12).
-1284
Let d(u) = -30755*u + 953361. Determine d(31).
-44
Let f(m) = 14*m**3 + 22*m